e highest common factor of q and 303?
3
Suppose 9*s - 146 = -5*v + 7*s, 2*v = 8*s + 76. What is the highest common factor of v and 1640?
10
Let d(a) = 5*a**2 - 68*a - 748. Let o be d(-38). What is the greatest common divisor of 32 and o?
32
Let b = -77 - -119. Let s = b + -38. Suppose 2*p + 32 = 6*p. Calculate the highest common factor of s and p.
4
Let m(k) be the second derivative of 19/2*k**2 + 1/6*k**3 - 4*k + 0. Let l be m(5). What is the highest common factor of 12 and l?
12
Let j(o) = o**2 - 65*o + 348. Let u be j(-35). What is the highest common divisor of u and 222?
74
Suppose 0 = -0*p + 3*p - 3. Let w be 6/7*140/40. What is the highest common factor of p and w?
1
Suppose 0 = 2*x + 4*n + 16, -x + 4*n + 20 = -5*x. Let g be 11/(66/2652) - (x - 1). Let f be (-4)/6 + 1 - g/(-15). What is the highest common factor of f and 15?
15
Suppose -126*f = 112*f - 15232. What is the greatest common factor of 536 and f?
8
Suppose 787 + 777 = 17*v. Suppose l + v = 2*o, 4*l - 228 = -5*o + 6*l. What is the greatest common divisor of 66 and o?
22
Let m be 5/((-127)/12 + 11). Calculate the greatest common factor of m and 30372.
12
Let w(b) = -20*b + 31. Let v be w(-5). Let t = v + 59. Suppose 2*a + 3 = 41. What is the highest common divisor of t and a?
19
Let v(h) = -8*h - 55. Let j be v(-18). Let p = 94 - j. What is the highest common factor of 5 and p?
5
Let r be (-4 + 0)/4*-12. Let z(h) = 13*h + 169. Let t be z(r). Calculate the greatest common factor of 13 and t.
13
Let r(i) = -i**3 - i**2 + 2*i + 39. Suppose -4*n + n = 2*n. Let f be r(n). Let a = f - -10. Calculate the greatest common factor of 7 and a.
7
Suppose -513 + 277 = -4*p - 4*a, -15 = -3*a. Suppose 120 = 2*t + 2*t - 5*x, -5*t + 150 = x. What is the greatest common factor of t and p?
6
Suppose -51 = 2*o + o. Let h = -15 - o. Let z be h/(-1 + 2) - -2. What is the greatest common divisor of 16 and z?
4
Let a be (176/(-24))/(4/6). Let v be 4/22 + 1/(a/(-1450)). Calculate the greatest common divisor of 33 and v.
33
Let f(i) = 61*i**2 - 79*i - 90. Let y be f(21). Calculate the greatest common factor of 24 and y.
24
Let m(k) = 8*k**2 + 8*k + 11. Let h be m(-2). Let z be 89/1 + (30/6 - 4). Calculate the highest common factor of z and h.
9
Let m = 1624 - 1560. What is the highest common divisor of m and 136?
8
Let b(r) = r**3 - 5*r**2 - 21*r + 10. Suppose 3*t + 0*z = -3*z + 27, -2*z = -5*t + 38. Let k be b(t). What is the highest common divisor of 34 and k?
34
Suppose -232*j + 128 = -233*j. Let r = -103 - j. What is the greatest common factor of r and 20?
5
Suppose 223*y + 336*y - 117432 = 93*y. What is the highest common divisor of y and 3708?
36
Let h(q) = -170*q + 60. Let k(t) = -34*t + 12. Let m(w) = -3*h(w) + 14*k(w). Let p be m(3). Let y = -86 + p. Calculate the greatest common divisor of y and 20.
4
Let u be 5 - (-2 + 5 - 6). Suppose 1505 = -i + u*i. What is the highest common divisor of i and 5?
5
Let y(t) = 694*t**3 + 7*t**2 - 83. Let i be y(3). What is the greatest common divisor of i and 14?
14
Suppose 6*z = 9*z - 15. Let b(t) = -z*t**2 - 18 - 6*t**2 - 16*t + 3*t**2 + 7*t**2. Let p be b(-12). Calculate the greatest common divisor of p and 45.
15
Let a(h) be the third derivative of -h**5/60 + 2*h**4/3 - 59*h**3/6 - 15*h**2 - 2. Let g be a(7). What is the highest common factor of 20 and g?
4
Let w(o) = 1451*o - 1129. Let t be w(1). What is the highest common divisor of 2162 and t?
46
Let c(n) = 147*n + 114. Let g be c(37). Let m be (-2)/14 - g/(-63). What is the greatest common divisor of m and 396?
44
Let p = 16337 + -12817. Calculate the highest common factor of 576 and p.
64
Let s(x) = 8*x**2 - 4*x. Let h be s(3). Suppose 3079 + 17321 = 207*r - 173*r. What is the highest common divisor of r and h?
60
Suppose -24*i + 9 = -21*i. Suppose -4*n + 2*b + i*b + 301 = 0, 3*n + 4*b = 187. Calculate the greatest common factor of n and 23.
23
Suppose 2*q + 1591 = 5*g - 0*q, q = -5*g + 1597. Suppose -30*f - 164 = -1034. What is the greatest common divisor of g and f?
29
Let z(a) be the second derivative of -a**3/2 - 45*a**2/2 + 16*a. Let q be z(-18). Suppose -5*k = -q*k + 60. Calculate the greatest common factor of 75 and k.
15
Let v be -2 + -5 + 3 - 3*(-12)/6. Let y(w) = -w**2 - 3*w - 1. Let a be y(-4). Let s be 333/15 - (-1)/a. What is the greatest common factor of s and v?
2
Suppose 0*m = -2*m + 36. Let p(w) = -982*w - 4614. Let z be p(-6). Calculate the highest common factor of m and z.
18
Suppose 3*k = t - 112, 5*t - 4*t + 5*k - 120 = 0. Let q = t - 114. Calculate the highest common divisor of q and 9.
1
Let n = -544 + 594. Let x(v) = v**2 - v - 2. Let t(i) = i**3 - 2*i**2 + 3*i - 2. Let h be t(2). Let r be x(h). Calculate the highest common factor of r and n.
10
Let k be 946/33 - (-8)/6. Let r be (k/3)/(50/180). Calculate the greatest common factor of r and 228.
12
Let g be 3/(-12)*2 - (-604)/8. Let o(n) = 47*n - 604. Let l be o(17). Calculate the greatest common divisor of l and g.
15
Suppose 2112 = 3333*f - 3322*f. Let k(l) = 120*l**3 - l**2 + 3*l - 2. Let u be k(1). What is the greatest common factor of u and f?
24
Let k = 62 - 57. Suppose 4*b - 2 = -b + v, -1 = k*b - 2*v. Let c(w) = w**2 - 6*w - 23. Let q be c(9). What is the highest common factor of q and b?
1
Let o be 7*(-9)/(-4) + (-9)/12. Let w(x) = -2*x**2 + 30*x. Let i be w(o). Suppose i = 8*z - 30 - 74. What is the greatest common factor of 104 and z?
13
Let n = -1592 - -1012. Let j = -418 - n. What is the highest common divisor of j and 27?
27
Suppose -20*g + 6 = -14*g. Suppose 4 = -4*a, -3*x + 15 - g = a. Suppose 0 = -x*u + 81 - 6. What is the highest common factor of u and 135?
15
Let m = -190 + 610. Let u = 22898 - 22894. What is the greatest common divisor of m and u?
4
Let y be 4018/28 + -19 - (-2)/4. Calculate the greatest common factor of y and 5975.
25
Let v be ((-257)/514)/(6/(-3056))*138/4. What is the highest common divisor of v and 46?
46
Let d(f) = 87*f + 1214. Let n be d(52). Calculate the greatest common divisor of 19 and n.
19
Let u = 58 - 39. Suppose -4*w + 2*w = -1226. Suppose 3*d + 438 = 5*z - w, 408 = 2*z + 5*d. What is the greatest common factor of z and u?
19
Let f = -117 - -257. Suppose 2*g - f = 900. What is the highest common factor of g and 40?
40
Let h be 1/(9*12/324). Suppose -3*p + s = -0*p - 8, 3*p + 4*s = -2. Calculate the highest common divisor of p and h.
1
Let w = -573 - -1145. Suppose 0 = 3*m - m - 104. What is the highest common divisor of w and m?
52
Let f be (0 - 2/3) + (-16809)/(-117). Let g = f - 93. Suppose -144 - 106 = -x. Calculate the greatest common divisor of g and x.
50
Let c(m) be the third derivative of 5*m**4/8 - 52*m**3/3 - 7*m**2. Let k be c(16). Calculate the greatest common factor of 170 and k.
34
Suppose 54*x = 36*x + 72. Calculate the highest common factor of x and 3.
1
Let s be (-4)/(((-12)/(-150))/((-4)/((-40)/(-1842)))). What is the greatest common divisor of s and 6?
6
Let p(h) = 2*h**2 + 113*h - 249. Let u be p(-60). Calculate the highest common factor of u and 57.
57
Let s = 84 + -20. Let i be (-88)/15 + (-42)/315. Let q be 4 - (i - -3 - 89). Calculate the highest common divisor of q and s.
32
Suppose 420*c = 293*c + 4336542. What is the highest common divisor of 126 and c?
126
Suppose -y - 28 = -n, 152 = -159*n + 164*n - 2*y. Calculate the greatest common factor of n and 3136.
32
Suppose 0 = 2*v + 3*q - 42, v - 28 = -4*q - 7. Suppose -w - 3*x = 3, -3 = 3*w + 5*x - 2. Calculate the highest common factor of v and w.
3
Let v = 270 - 267. Suppose 3*p - v = 0, p + 2*p - 189 = -3*q. Calculate the highest common divisor of q and 31.
31
Suppose -74*p = -101*p + 2835. What is the highest common factor of p and 615?
15
Let t = 6 - 8. Let l be -1 + t + (8 - 2). Suppose k = l, 2*r - 5*k - 6 = -15. What is the highest common factor of 15 and r?
3
Let g = 816 + 1160. What is the highest common divisor of g and 520?
104
Let a = 789 + -739. Calculate the highest common factor of 1175 and a.
25
Let d(r) = -1463*r - 3589. Let k be d(-3). Calculate the highest common factor of 475 and k.
25
Suppose 874377 + 1061073 = 55*j. Calculate the highest common factor of j and 30.
30
Suppose r = 5*i + 78, -3*r = 2*i - 0*r + 38. Let f be (((-9)/12)/(6/i))/(-2). Let l be 14/(-21) - f*47/3. Calcula